{"id":39,"date":"2023-09-13T19:59:19","date_gmt":"2023-09-13T22:59:19","guid":{"rendered":"https:\/\/erasmus-ace.com\/historia\/?page_id=39"},"modified":"2023-10-06T15:53:24","modified_gmt":"2023-10-06T18:53:24","slug":"universidades","status":"publish","type":"page","link":"https:\/\/erasmus-ace.com\/historia\/universidades\/","title":{"rendered":"El equipo ERASMUS ACE &#8211; HISTORIA"},"content":{"rendered":"\n<p>En el a\u00f1o 2020, tres universidades fueron convocadas por el Proyecto Erasmus ACE para integrar la unidad de Historia. <\/p>\n\n\n<div class=\"wp-block-ub-content-toggle\" id=\"ub-content-toggle-673d5a3f-9ced-4be1-8f21-c0bcea289d4c\" data-mobilecollapse=\"false\" data-desktopcollapse=\"true\">\n<div class=\"wp-block-ub-content-toggle-accordion\">\n                <div class=\"wp-block-ub-content-toggle-accordion-title-wrap\" aria-expanded=\"false\" aria-controls=\"ub-content-toggle-panel-0-673d5a3f-9ced-4be1-8f21-c0bcea289d4c\" tabindex=\"0\">\n                    <p class=\"wp-block-ub-content-toggle-accordion-title ub-content-toggle-title-673d5a3f-9ced-4be1-8f21-c0bcea289d4c\"><strong> Las universidades <\/strong><\/p><div class=\"wp-block-ub-content-toggle-accordion-toggle-wrap right\"><span class=\"wp-block-ub-content-toggle-accordion-state-indicator wp-block-ub-chevron-down\"><\/span>\n                    <\/div><\/div><div role=\"region\" class=\"wp-block-ub-content-toggle-accordion-content-wrap ub-hide\" id=\"ub-content-toggle-panel-0-673d5a3f-9ced-4be1-8f21-c0bcea289d4c\">\n\n<figure class=\"wp-block-image size-large\"><img loading=\"lazy\" decoding=\"async\" width=\"1024\" height=\"793\" src=\"https:\/\/erasmus-ace.com\/historia\/wp-content\/uploads\/2023\/10\/mapa-1024x793.jpg\" alt=\"\" class=\"wp-image-90\" srcset=\"https:\/\/erasmus-ace.com\/historia\/wp-content\/uploads\/2023\/10\/mapa-1024x793.jpg 1024w, https:\/\/erasmus-ace.com\/historia\/wp-content\/uploads\/2023\/10\/mapa-300x232.jpg 300w, https:\/\/erasmus-ace.com\/historia\/wp-content\/uploads\/2023\/10\/mapa-768x595.jpg 768w, https:\/\/erasmus-ace.com\/historia\/wp-content\/uploads\/2023\/10\/mapa.jpg 1073w\" sizes=\"auto, (max-width: 1024px) 100vw, 1024px\" \/><\/figure>\n\n<\/div><\/div>\n\n<div class=\"wp-block-ub-content-toggle-accordion\">\n                <div class=\"wp-block-ub-content-toggle-accordion-title-wrap\" aria-expanded=\"false\" aria-controls=\"ub-content-toggle-panel-1-673d5a3f-9ced-4be1-8f21-c0bcea289d4c\" tabindex=\"0\">\n                    <p class=\"wp-block-ub-content-toggle-accordion-title ub-content-toggle-title-673d5a3f-9ced-4be1-8f21-c0bcea289d4c\"><strong>Los equipos de trabajo<\/strong><\/p><div class=\"wp-block-ub-content-toggle-accordion-toggle-wrap right\"><span class=\"wp-block-ub-content-toggle-accordion-state-indicator wp-block-ub-chevron-down\"><\/span>\n                    <\/div><\/div><div role=\"region\" class=\"wp-block-ub-content-toggle-accordion-content-wrap ub-hide\" id=\"ub-content-toggle-panel-1-673d5a3f-9ced-4be1-8f21-c0bcea289d4c\">\n\n<h3 class=\"wp-block-heading\"><strong>UNCUYO- ARGENTINA<\/strong><\/h3>\n\n\n\n<p><strong>Docentes<\/strong><\/p>\n\n\n\n<ul class=\"wp-block-list\">\n<li>Coord: Dr. Adolfo Omar Cueto<\/li>\n\n\n\n<li>Mgter. Viviana Ceverino<\/li>\n\n\n\n<li>Mgter. Ana Mar\u00eda Verstraete<\/li>\n\n\n\n<li>Prof. Esp. Adriana A\u00edda Garc\u00eda<\/li>\n\n\n\n<li>Prof. Esp. Leonardo Castillo<\/li>\n\n\n\n<li>Prof. Esp. Mar\u00eda Fernanda Sams\u00f3<\/li>\n<\/ul>\n\n\n\n<p><strong>Estudiantes<\/strong><\/p>\n\n\n\n<ul class=\"wp-block-list\">\n<li>Anabella Parra<\/li>\n\n\n\n<li>Agust\u00edn Silvestri<\/li>\n\n\n\n<li>Valent\u00edn Videla<\/li>\n<\/ul>\n\n\n\n<h3 class=\"wp-block-heading\"><strong>UMSA- BOLIVIA<\/strong><\/h3>\n\n\n\n<p><strong>Docentes<\/strong><\/p>\n\n\n\n<ul class=\"wp-block-list\">\n<li>Coord: Dra. Esther Aill\u00f3n<\/li>\n\n\n\n<li>Mgter. Ana Mar\u00eda del Pilar Garc\u00eda Guzm\u00e1n<\/li>\n<\/ul>\n\n\n\n<p><strong>Estudiantes<\/strong><\/p>\n\n\n\n<ul class=\"wp-block-list\">\n<li>Univ. Facundo Vargas&nbsp;<\/li>\n\n\n\n<li>Univ. Mauricio Nu\u00f1ez Calasich&nbsp;<\/li>\n\n\n\n<li>Univ. Nayra Cardozo&nbsp;<\/li>\n\n\n\n<li>Univ. Roc\u00edo Poma<\/li>\n\n\n\n<li>Univ. Solangel Bernal<\/li>\n<\/ul>\n\n\n\n<h3 class=\"wp-block-heading\"><strong>UNA- PARAGUAY<\/strong><\/h3>\n\n\n\n<p><strong>Docentes:&nbsp;<\/strong><\/p>\n\n\n\n<ul class=\"wp-block-list\">\n<li>Coord: Lic. Nilda Pereira<\/li>\n\n\n\n<li>Lic. Mariela del Pilar Cogorno,&nbsp;<\/li>\n\n\n\n<li>Lic. Jazmin Qui\u00f1onez,&nbsp;<\/li>\n\n\n\n<li>Lic. Jorge Rodas,<\/li>\n\n\n\n<li>Lic. Rodrigo Iba\u00f1ez<\/li>\n<\/ul>\n\n\n\n<p><strong>Estudiantes:&nbsp;<\/strong><\/p>\n\n\n\n<ul class=\"wp-block-list\">\n<li>Camila Bogado,&nbsp;<\/li>\n\n\n\n<li>Luz Medina,&nbsp;<\/li>\n\n\n\n<li>Cesar Ramos,&nbsp;<\/li>\n\n\n\n<li>Eudes Gonzalez<\/li>\n<\/ul>\n\n<\/div><\/div>\n<\/div>\n\n<div class=\"ub_image_slider swiper-container\" id=\"ub_image_slider_bed9edc4-a3ab-4603-bc74-d883f5ce8465\" data-swiper-data='{\"loop\":true,\"pagination\":{\"el\": \".swiper-pagination\" , \"type\": \"bullets\", \"clickable\":true}\n            ,\"navigation\": {\"nextEl\": \".swiper-button-next\", \"prevEl\": \".swiper-button-prev\"},  \"keyboard\": { \"enabled\": true },\n            \"effect\": \"slide\",\"autoplay\":{\"delay\": 3000},\"simulateTouch\":false}'><div class=\"swiper-wrapper\"><figure class=\"swiper-slide\">\n        <img decoding=\"async\" src=\"https:\/\/erasmus-ace.com\/historia\/wp-content\/uploads\/2023\/10\/WhatsApp-Image-2023-09-11-at-12.11.59.jpeg\" alt=\"\"><figcaption class=\"ub_image_slider_image_caption\"> <\/figcaption><\/figure><figure class=\"swiper-slide\">\n        <img decoding=\"async\" src=\"https:\/\/erasmus-ace.com\/historia\/wp-content\/uploads\/2023\/10\/WhatsApp-Image-2023-09-11-at-12.11.28.jpeg\" alt=\"\"><figcaption class=\"ub_image_slider_image_caption\"> <\/figcaption><\/figure><figure class=\"swiper-slide\">\n        <img decoding=\"async\" src=\"https:\/\/erasmus-ace.com\/historia\/wp-content\/uploads\/2023\/10\/WhatsApp-Image-2023-09-11-at-12.10.50.jpeg\" alt=\"\"><figcaption class=\"ub_image_slider_image_caption\"> <\/figcaption><\/figure><figure class=\"swiper-slide\">\n        <img decoding=\"async\" src=\"https:\/\/erasmus-ace.com\/historia\/wp-content\/uploads\/2023\/10\/WhatsApp-Image-2023-09-11-at-12.10.34.jpeg\" alt=\"\"><figcaption class=\"ub_image_slider_image_caption\"> <\/figcaption><\/figure><\/div><div class=\"swiper-pagination\"><\/div>\n        <div class=\"swiper-button-prev\"><\/div> <div class=\"swiper-button-next\"><\/div>\n        <\/div>","protected":false},"excerpt":{"rendered":"<p>En el a\u00f1o 2020, tres universidades fueron convocadas por el Proyecto Erasmus ACE para integrar la unidad de Historia.<\/p>\n","protected":false},"author":1,"featured_media":0,"parent":0,"menu_order":0,"comment_status":"closed","ping_status":"closed","template":"","meta":{"ub_ctt_via":"","footnotes":""},"class_list":["post-39","page","type-page","status-publish","hentry"],"featured_image_src":null,"_links":{"self":[{"href":"https:\/\/erasmus-ace.com\/historia\/wp-json\/wp\/v2\/pages\/39","targetHints":{"allow":["GET"]}}],"collection":[{"href":"https:\/\/erasmus-ace.com\/historia\/wp-json\/wp\/v2\/pages"}],"about":[{"href":"https:\/\/erasmus-ace.com\/historia\/wp-json\/wp\/v2\/types\/page"}],"author":[{"embeddable":true,"href":"https:\/\/erasmus-ace.com\/historia\/wp-json\/wp\/v2\/users\/1"}],"replies":[{"embeddable":true,"href":"https:\/\/erasmus-ace.com\/historia\/wp-json\/wp\/v2\/comments?post=39"}],"version-history":[{"count":6,"href":"https:\/\/erasmus-ace.com\/historia\/wp-json\/wp\/v2\/pages\/39\/revisions"}],"predecessor-version":[{"id":204,"href":"https:\/\/erasmus-ace.com\/historia\/wp-json\/wp\/v2\/pages\/39\/revisions\/204"}],"wp:attachment":[{"href":"https:\/\/erasmus-ace.com\/historia\/wp-json\/wp\/v2\/media?parent=39"}],"curies":[{"name":"wp","href":"https:\/\/api.w.org\/{rel}","templated":true}]}}