{"id":145,"date":"2023-11-03T17:21:04","date_gmt":"2023-11-03T20:21:04","guid":{"rendered":"https:\/\/erasmus-ace.com\/enfermeria\/?page_id=145"},"modified":"2023-11-03T17:41:30","modified_gmt":"2023-11-03T20:41:30","slug":"dimension5","status":"publish","type":"page","link":"https:\/\/erasmus-ace.com\/enfermeria\/dimension5\/","title":{"rendered":"5. Valores, \u00e9tica y derechos humanos"},"content":{"rendered":"\n<div class=\"wp-block-columns afastar is-layout-flex wp-container-core-columns-is-layout-9d6595d7 wp-block-columns-is-layout-flex\">\n<div class=\"wp-block-column is-layout-flow wp-block-column-is-layout-flow\">\n<figure class=\"wp-block-image size-full\"><a href=\"https:\/\/erasmus-ace.com\/enfermeria\/dimension1\/\"><img loading=\"lazy\" decoding=\"async\" width=\"320\" height=\"520\" src=\"https:\/\/erasmus-ace.com\/enfermeria\/wp-content\/uploads\/2023\/11\/d1.png\" alt=\"\" class=\"wp-image-127\" srcset=\"https:\/\/erasmus-ace.com\/enfermeria\/wp-content\/uploads\/2023\/11\/d1.png 320w, https:\/\/erasmus-ace.com\/enfermeria\/wp-content\/uploads\/2023\/11\/d1-185x300.png 185w\" sizes=\"auto, (max-width: 320px) 100vw, 320px\" \/><\/a><\/figure>\n<\/div>\n\n\n\n<div class=\"wp-block-column is-layout-flow wp-block-column-is-layout-flow\">\n<figure class=\"wp-block-image size-full\"><a href=\"https:\/\/erasmus-ace.com\/enfermeria\/dimension2\/\"><img loading=\"lazy\" decoding=\"async\" width=\"320\" height=\"520\" src=\"https:\/\/erasmus-ace.com\/enfermeria\/wp-content\/uploads\/2023\/11\/d2.png\" alt=\"\" class=\"wp-image-128\" srcset=\"https:\/\/erasmus-ace.com\/enfermeria\/wp-content\/uploads\/2023\/11\/d2.png 320w, https:\/\/erasmus-ace.com\/enfermeria\/wp-content\/uploads\/2023\/11\/d2-185x300.png 185w\" sizes=\"auto, (max-width: 320px) 100vw, 320px\" \/><\/a><\/figure>\n<\/div>\n\n\n\n<div class=\"wp-block-column is-layout-flow wp-block-column-is-layout-flow\">\n<figure class=\"wp-block-image size-full\"><a href=\"https:\/\/erasmus-ace.com\/enfermeria\/dimension3\/\"><img loading=\"lazy\" decoding=\"async\" width=\"320\" height=\"520\" src=\"https:\/\/erasmus-ace.com\/enfermeria\/wp-content\/uploads\/2023\/11\/d3.png\" alt=\"\" class=\"wp-image-129\" srcset=\"https:\/\/erasmus-ace.com\/enfermeria\/wp-content\/uploads\/2023\/11\/d3.png 320w, https:\/\/erasmus-ace.com\/enfermeria\/wp-content\/uploads\/2023\/11\/d3-185x300.png 185w\" sizes=\"auto, (max-width: 320px) 100vw, 320px\" \/><\/a><\/figure>\n<\/div>\n\n\n\n<div class=\"wp-block-column is-layout-flow wp-block-column-is-layout-flow\">\n<figure class=\"wp-block-image size-full\"><a href=\"https:\/\/erasmus-ace.com\/enfermeria\/dimension4\/\"><img loading=\"lazy\" decoding=\"async\" width=\"320\" height=\"520\" src=\"https:\/\/erasmus-ace.com\/enfermeria\/wp-content\/uploads\/2023\/11\/d4.png\" alt=\"\" class=\"wp-image-130\" srcset=\"https:\/\/erasmus-ace.com\/enfermeria\/wp-content\/uploads\/2023\/11\/d4.png 320w, https:\/\/erasmus-ace.com\/enfermeria\/wp-content\/uploads\/2023\/11\/d4-185x300.png 185w\" sizes=\"auto, (max-width: 320px) 100vw, 320px\" \/><\/a><\/figure>\n<\/div>\n\n\n\n<div class=\"wp-block-column is-layout-flow wp-block-column-is-layout-flow\">\n<figure class=\"wp-block-image size-full jump\"><a href=\"https:\/\/erasmus-ace.com\/enfermeria\/dimension5\/\"><img loading=\"lazy\" decoding=\"async\" width=\"322\" height=\"520\" src=\"https:\/\/erasmus-ace.com\/enfermeria\/wp-content\/uploads\/2023\/11\/d5.png\" alt=\"\" class=\"wp-image-131\" srcset=\"https:\/\/erasmus-ace.com\/enfermeria\/wp-content\/uploads\/2023\/11\/d5.png 322w, https:\/\/erasmus-ace.com\/enfermeria\/wp-content\/uploads\/2023\/11\/d5-186x300.png 186w\" sizes=\"auto, (max-width: 322px) 100vw, 322px\" \/><\/a><\/figure>\n<\/div>\n\n\n\n<div class=\"wp-block-column is-layout-flow wp-block-column-is-layout-flow\">\n<figure class=\"wp-block-image size-full\"><a href=\"https:\/\/erasmus-ace.com\/enfermeria\/dimension6\/\"><img loading=\"lazy\" decoding=\"async\" width=\"320\" height=\"520\" src=\"https:\/\/erasmus-ace.com\/enfermeria\/wp-content\/uploads\/2023\/11\/d6.png\" alt=\"\" class=\"wp-image-132\" srcset=\"https:\/\/erasmus-ace.com\/enfermeria\/wp-content\/uploads\/2023\/11\/d6.png 320w, https:\/\/erasmus-ace.com\/enfermeria\/wp-content\/uploads\/2023\/11\/d6-185x300.png 185w\" sizes=\"auto, (max-width: 320px) 100vw, 320px\" \/><\/a><\/figure>\n<\/div>\n<\/div>\n\n\n\n<div class=\"wp-block-media-text is-stacked-on-mobile is-vertically-aligned-top is-image-fill\" style=\"grid-template-columns:46% auto\"><figure class=\"wp-block-media-text__media\" style=\"background-image:url(https:\/\/erasmus-ace.com\/enfermeria\/wp-content\/uploads\/2023\/11\/enfermagem4-1024x498.png);background-position:50% 50%\"><img loading=\"lazy\" decoding=\"async\" width=\"1024\" height=\"498\" src=\"https:\/\/erasmus-ace.com\/enfermeria\/wp-content\/uploads\/2023\/11\/enfermagem4-1024x498.png\" alt=\"\" class=\"wp-image-163 size-full\" srcset=\"https:\/\/erasmus-ace.com\/enfermeria\/wp-content\/uploads\/2023\/11\/enfermagem4-1024x498.png 1024w, https:\/\/erasmus-ace.com\/enfermeria\/wp-content\/uploads\/2023\/11\/enfermagem4-300x146.png 300w, https:\/\/erasmus-ace.com\/enfermeria\/wp-content\/uploads\/2023\/11\/enfermagem4-768x373.png 768w, https:\/\/erasmus-ace.com\/enfermeria\/wp-content\/uploads\/2023\/11\/enfermagem4.png 1148w\" sizes=\"auto, (max-width: 1024px) 100vw, 1024px\" \/><\/figure><div class=\"wp-block-media-text__content\">\n<p>La dimensi\u00f3n de Valores, \u00c9tica y Derechos Humanos en la enfermer\u00eda se refiere a la capacidad del profesional de enfermer\u00eda de reconocer y aplicar los principios \u00e9ticos, derechos humanos y lineamientos deontol\u00f3gicos que rigen su pr\u00e1ctica a nivel nacional e internacional. Esto implica proporcionar una atenci\u00f3n consensuada, respetando la dignidad humana de la persona y del equipo con el que interact\u00faa, y abogando por los derechos y necesidades de las personas, familias y comunidades cuando sea necesario y apropiado en el sistema de salud.<\/p>\n<\/div><\/div>\n\n\n\n<div style=\"height:36px\" aria-hidden=\"true\" class=\"wp-block-spacer\"><\/div>\n\n\n\n<div class=\"wp-block-columns is-layout-flex wp-container-core-columns-is-layout-9d6595d7 wp-block-columns-is-layout-flex\">\n<div class=\"wp-block-column has-background is-layout-flow wp-block-column-is-layout-flow\" style=\"background-color:#ffdd0333\">\n<h4 class=\"wp-block-heading has-text-align-center\"><strong>CONOCIMIENTOS<\/strong><\/h4>\n\n\n\n<p>Reconoce los principios \u00e9ticos, derechos humanos y lineamientos deontol\u00f3gicos que rigen la profesi\u00f3n a nivel nacional e internacional, as\u00ed como los valores, dilemas y cuestiones de la pr\u00e1ctica profesional, moral, \u00e9tica y\/o legal.<\/p>\n<\/div>\n\n\n\n<div class=\"wp-block-column has-background is-layout-flow wp-block-column-is-layout-flow\" style=\"background-color:#cf2d2d08\">\n<h4 class=\"wp-block-heading has-text-align-center\"><strong>HABILIDADES<\/strong><\/h4>\n\n\n\n<p>Practica el cuidado de enfermer\u00eda acorde a los principios \u00e9ticos, morales y, en general, a lo establecido en los c\u00f3digos \u00e9ticos y deontologicos nacionales e internacional de la Enfermer\u00eda, proporcionando una atenci\u00f3n consensuada, respetando la dignidad humana de la persona y del equipo con el que interactua.<\/p>\n\n\n\n<p>Resuelve los dilemas y problemas profesionales, morales, \u00e9ticos y\/o legales que surgen de la pr\u00e1ctica diaria.<\/p>\n\n\n\n<p>Relaciona los aspectos \u00e9ticos, pol\u00edticos y culturales relacionados con el cuidado de enfermer\u00eda en el contexto del Sistema de Salud.<\/p>\n<\/div>\n\n\n\n<div class=\"wp-block-column has-background is-layout-flow wp-block-column-is-layout-flow\" style=\"background-color:#7bdbb51a\">\n<h4 class=\"wp-block-heading has-text-align-center\"><strong>RESPONSABILIDADES<\/strong><\/h4>\n\n\n\n<p>Practica el cuidado de enfermer\u00eda de manera \u00e9tica y responsable, respetando la dignidad de la persona y contribuyendo a mejorar su condici\u00f3n de salud.<\/p>\n\n\n\n<p>Apoya los derechos y necesidades de las personas, familias y comunidades en el sistema de salud cuando sea necesario y apropiado.<\/p>\n<\/div>\n<\/div>\n","protected":false},"excerpt":{"rendered":"<p>La dimensi\u00f3n de Valores, \u00c9tica y Derechos Humanos en la enfermer\u00eda se refiere a la capacidad del profesional de enfermer\u00eda de reconocer y aplicar los principios \u00e9ticos, derechos humanos y lineamientos deontol\u00f3gicos que rigen su pr\u00e1ctica a nivel nacional e internacional. Esto implica proporcionar una atenci\u00f3n consensuada, respetando la dignidad humana de la persona y [&hellip;]<\/p>\n","protected":false},"author":1,"featured_media":0,"parent":0,"menu_order":0,"comment_status":"closed","ping_status":"closed","template":"","meta":{"ub_ctt_via":"","footnotes":""},"class_list":["post-145","page","type-page","status-publish","hentry"],"featured_image_src":null,"_links":{"self":[{"href":"https:\/\/erasmus-ace.com\/enfermeria\/wp-json\/wp\/v2\/pages\/145","targetHints":{"allow":["GET"]}}],"collection":[{"href":"https:\/\/erasmus-ace.com\/enfermeria\/wp-json\/wp\/v2\/pages"}],"about":[{"href":"https:\/\/erasmus-ace.com\/enfermeria\/wp-json\/wp\/v2\/types\/page"}],"author":[{"embeddable":true,"href":"https:\/\/erasmus-ace.com\/enfermeria\/wp-json\/wp\/v2\/users\/1"}],"replies":[{"embeddable":true,"href":"https:\/\/erasmus-ace.com\/enfermeria\/wp-json\/wp\/v2\/comments?post=145"}],"version-history":[{"count":2,"href":"https:\/\/erasmus-ace.com\/enfermeria\/wp-json\/wp\/v2\/pages\/145\/revisions"}],"predecessor-version":[{"id":165,"href":"https:\/\/erasmus-ace.com\/enfermeria\/wp-json\/wp\/v2\/pages\/145\/revisions\/165"}],"wp:attachment":[{"href":"https:\/\/erasmus-ace.com\/enfermeria\/wp-json\/wp\/v2\/media?parent=145"}],"curies":[{"name":"wp","href":"https:\/\/api.w.org\/{rel}","templated":true}]}}